of p?
2
Suppose 34*c = 1593 + 1127. Suppose 0 = -p - c + 579. What is the tens digit of p?
9
Let o be -8*7/70*3805/(-2). Let f = -821 + o. What is the tens digit of f?
0
Suppose -u = -g + 32583, 2*g - 3*g + 4*u + 32601 = 0. What is the ten thousands digit of g?
3
Let f(y) = -1294*y - 24. Let s be f(1). Let z = -932 - s. What is the units digit of z?
6
Suppose 4*i = -i + 20. Suppose -3*n + 26 + i = 0. What is the units digit of 4/(16/n) + (-2)/(-4)?
3
Suppose 142*k = 28873 + 233117. What is the hundreds digit of k?
8
Let s be (((-108)/(-8))/(-9))/((-2)/4). Suppose -s*y + 229 = 4*i, 0*i - y - 272 = -5*i. What is the units digit of i?
5
Let n(x) = 28*x - 122. Let u be n(22). Suppose 506*h - u*h = 11004. What is the hundreds digit of h?
9
Let i(z) = 479*z - 2138. What is the hundreds digit of i(17)?
0
Let k = 40526 - 166686. What is the units digit of (-12)/10*k/228?
4
Suppose -17*t + 6*t + 517 = 0. Suppose -180 = -48*b + t*b. What is the tens digit of b?
8
Suppose 2*m - 3248 = -2*q, -25*q + 6501 = 4*m - 22*q. What is the hundreds digit of m?
6
Let l(x) = 178*x + 22. Let w(h) = 5*h - 123. Let y be w(25). What is the tens digit of l(y)?
7
Let v = 2404 - 2402. Suppose 15 = 5*u - 5. Suppose -v*m = 2*d - 350, 565 = 5*m + u*d - 306. What is the tens digit of m?
7
Let p(r) = 563*r - 4271. What is the thousands digit of p(25)?
9
Suppose -6*y + 7*y - 526 = -2*q, 2*y - 5*q - 1043 = 0. Let f = 142 + y. What is the units digit of f?
6
Let p be 2*2/(-20) + 12144/(-80). What is the tens digit of (525/14 - -3)/((-6)/p)?
2
Suppose 789 + 4230 = 8*i - 5309. What is the thousands digit of i?
1
Suppose 40911 = 14*i - 59665. What is the hundreds digit of i?
1
Let p(v) = 1569*v**2 + 35*v + 137. What is the tens digit of p(-5)?
8
Let y = 26 - 19. Suppose -2*h = 3*n - 47, -3*n + y*h - 2*h = -40. Suppose -n*r + 19*r - 196 = 0. What is the units digit of r?
9
Let o be 5 + 5 + -11 + 1. Let v(w) = -w**3 - w**2 + w + 635. What is the hundreds digit of v(o)?
6
Let f be 2 + 4/(-4) + -4 - -42. What is the tens digit of (-1)/3 + 14482/f?
7
Let a(m) = -m - 5. Let y be a(-4). Let k be (3 - y) + -3 - -24. Let n = 73 + k. What is the units digit of n?
8
Suppose p - f - 4*f - 24 = 0, p = -f. Suppose 34 - p = 5*m. Suppose 2*i = 26 + m. What is the units digit of i?
6
Let o(j) = 4*j**2 + 2. Let l be o(3). Let s be ((-10282762)/(-258))/((-2)/12*-2). What is the tens digit of l/34 + -1 - s/(-527)?
2
What is the thousands digit of (-4)/6 + 2296114/258?
8
Suppose -97*y = -145*y - 184*y + 251024. What is the thousands digit of y?
1
Suppose 0 = -11*s - 0*s + 6*s. Suppose k + s*k + 3*o = 151, 4*o = -2*k + 306. Let n = k + -46. What is the units digit of n?
1
Suppose 32266 = 52*n + 20582 - 86856. What is the hundreds digit of n?
8
Let g be ((-20)/25)/(2/(-20)). Suppose -5*v + 4251 = g*v. What is the hundreds digit of v?
3
Let t(i) = 289*i - 1239. What is the thousands digit of t(12)?
2
Suppose 0 = -61*t + 234*t - 3720365. What is the thousands digit of t?
1
Let o = 4484 + 3694. What is the tens digit of o?
7
Let g(v) = 45*v**2 - 37*v + 28. What is the tens digit of g(-10)?
9
Let g be 2/(-2)*((-20)/(-5) + -3). What is the units digit of (g*(-28 - 5))/(9/93)?
1
What is the units digit of (-60523)/(-1) + (-14)/(-77)*22?
7
Let q(v) = 177*v**2 - 23*v - 249. What is the thousands digit of q(-8)?
1
Suppose 52*v = 50*v - 6. What is the hundreds digit of ((-6)/(-5))/(1/(-730)*v)?
2
Let n(y) = y**3 + 9*y**2 - 11*y - 8. Let q be n(-10). Suppose -q*b + 187 + 11 = 0. Let l = b - 27. What is the tens digit of l?
7
Let t(s) = 4*s**2 + 21*s - 87. Let r be t(11). Suppose r = 16*d - 4268. What is the tens digit of d?
0
Suppose 12 = -3*l + 5*l. Let j be l*(15/(-6) - -4). What is the hundreds digit of 53*(j/5 + 2/10)?
1
Let k = 616 + 3758. What is the units digit of k?
4
Suppose 381*q = 386*q + 1185. Suppose -4*y + o - 1430 = 0, 7*o = 2*o - 10. Let f = q - y. What is the hundreds digit of f?
1
Let p = -236 - 1267. What is the hundreds digit of p/(-42)*2*7?
5
Let g be 4 - (13/(-13) - 1/1). Let z(l) = -17*l - 5*l**2 + 47*l + 9 + l**2 + g*l**2. What is the hundreds digit of z(-18)?
1
What is the units digit of ((-8)/5)/((5/(-491025))/((-4)/(-12)))?
6
Let o be (-3241)/(-77) - 2/22. Suppose 1420 = -37*m + o*m. Suppose -3*q + 704 = -4*k, 0 = -4*q - 3*k + 1206 - m. What is the tens digit of q?
3
Let m(w) be the third derivative of 133*w**6/30 - w**4/24 + w**3/6 - 17*w**2. Let b be m(1). Suppose y = -3*y + b. What is the tens digit of y?
3
Suppose -2*r - q + 28159 = 0, -q = 5*r - 27002 - 43397. What is the tens digit of r?
8
Suppose -3*c = -5*c - x - 8, -c + 5*x - 26 = 0. Let a be 4*2/8*8. What is the tens digit of 108/a*(-8)/c?
1
Let d(x) = x**2 - 7*x + 8. Let l be d(6). Suppose -4*j - r + 1538 = -0*r, 5*r = -l*j + 760. What is the units digit of j?
5
Let n(g) = -g**2 + 72. Let t be n(0). Suppose 5*h + 5*r - 335 = 0, 2*h + r - t = 64. What is the tens digit of h?
6
Let r(q) = -3*q + 290 + 10*q - 6*q. Let j be r(0). Let i = -198 + j. What is the tens digit of i?
9
Suppose 0 = -11*d - 121 + 561. What is the hundreds digit of 3/((-9)/(-30))*464/d?
1
Suppose 0 = 4*b + 5*q + 815, -2*b + 0*b + q = 425. Let s = b - -654. Suppose -5*a + s = 3*u, -u - 158 = -2*a + 24. What is the units digit of a?
0
Let s be 132/((-8)/64*-6). Let i = s + 996. What is the units digit of i?
2
Suppose -8603*c + 8606*c = 76128. What is the ten thousands digit of c?
2
Let h(r) = r + 10. Let c be h(-6). Let j be (c - -1)*(-4)/(-10). Suppose j*y + 164 = 4*y. What is the tens digit of y?
8
Let a = -10338 + 30185. What is the tens digit of a?
4
Let s = 6811 + -4158. What is the tens digit of s?
5
Suppose -215*w + 3004200 - 394226 = -1180261. What is the hundreds digit of w?
6
Let t(w) = -w**3 + 47*w**2 + 35*w + 14. Let i be t(35). Suppose 19*u = -14*u + i. What is the tens digit of u?
8
Suppose 23551 = -4345*b + 4356*b. What is the thousands digit of b?
2
Let v = 6130 - -1697. What is the thousands digit of v?
7
Let o(n) = -8684*n**3 - 5*n**2 - 11*n - 7. What is the units digit of o(-1)?
3
Suppose 20*f = 16*f + 444. Suppose 91 = -5*x + f. Suppose x*z + 0*i - 1078 = 2*i, -5*z - 5*i + 1370 = 0. What is the tens digit of z?
7
Let n(z) be the third derivative of 17/3*z**3 + 1/30*z**5 + 0 + 0*z - 11*z**2 + 5/12*z**4. What is the tens digit of n(-12)?
0
Let f be (5/5 + 0)*0/2. Let m be 1 + (-23 - f*(-2 + 1)). Let u = 51 + m. What is the units digit of u?
9
Let w(g) be the first derivative of -g**3/3 + 9*g + 12. Let z be w(7). What is the units digit of z/(-10) + 20/1?
4
Let s = -219 - -123. Let d be ((-781)/(-5) + 16/20)/(-1). Let u = s - d. What is the units digit of u?
1
Suppose -99*t + 484035 = -1432704. What is the thousands digit of t?
9
What is the thousands digit of ((-632)/28)/((-5)/5145)?
3
Let a(c) = 63*c**2 - 5*c - 8. Let s(t) = -t**2 + 13. Let f be s(4). Let w be a(f). Suppose 4*j - 428 = y - 4*y, 4*y = -2*j + w. What is the hundreds digit of y?
1
Let w = 5860 - 1923. What is the hundreds digit of w?
9
Let r(g) = -15*g + 8. Let t(j) = j - 1. Let y(u) = -r(u) - 6*t(u). Let v be y(-8). What is the units digit of -1 + (4 - 0) - v?
7
Suppose 95 - 23 = 3*d - 3*b, 0 = -4*d + 3*b + 97. Let r(g) = 80*g - 317. What is the tens digit of r(d)?
8
Suppose 1576 - 4636 = -10*u. Suppose 3*b + 2*n = u, -b + 118 - 16 = 3*n. What is the hundreds digit of b?
1
Let o(l) = -478*l + 168. Let a be o(-10). Suppose 0 = 11*g - 3588 - a. What is the units digit of g?
6
What is the tens digit of (585/(-36) - 8)/(6/(-936))?
8
Suppose -3*q - 10 = k, 5*k + q = -2*q + 10. Suppose -5*i - k*c + 990 = 0, -i = -3*i + 5*c + 368. What is the hundreds digit of i?
1
Let x = 114 - 114. Suppose 16 = -x*f + 4*f, 0 = -2*v + 2*f + 504. What is the hundreds digit of v?
2
Suppose 5542 = 2*g - 4*y - 4916, -5229 = -g - 2*y. Suppose -g = -d - 8*d. Suppose 17*p - 31 = d. What is the units digit of p?
6
Let t = 74226 - 35868. What is the tens digit of t?
5
Suppose -5*f + 40151 = 3*s, -5*s - 4*f = -2*s - 40156. What is the thousands digit of s?
3
Suppose 310*p - 2862 = 304*p. What is the tens digit of (p/15)/(27/90)?
0
Let h(x) be the second derivative of -31*x**3/3 + 5*x**2 - 55*x. What is the hundreds digit of h(-13)?
8
Let p(q) = 3*q - 4. Let w be p(3). Suppose w*z = 23*z - 4518. What is the h